{"id":4483,"date":"2025-03-08T09:58:13","date_gmt":"2025-03-08T07:58:13","guid":{"rendered":"https:\/\/terretabarefoot.com\/?post_type=product&#038;p=4483"},"modified":"2025-11-06T09:42:23","modified_gmt":"2025-11-06T07:42:23","slug":"vegan-arenal-2","status":"publish","type":"product","link":"https:\/\/terretabarefoot.com\/fr\/producto\/arenal-vegano-2\/","title":{"rendered":"V\u00e9gan Arenal"},"content":{"rendered":"<p><strong>En forme de pied<\/strong>\u00a0\u2013 Un espace pour les orteils anatomique respectant la forme de votre pied<\/p>\n<p><strong>Drop Zero<\/strong>\u00a0\u2013 Con\u00e7ues pour maintenir vos pieds dans une position naturelle, sans inclinaison, favorisant ainsi des mouvements plus sains.<\/p>\n<p><strong>L\u00e9ger<\/strong>\u00a0\u2013 Extr\u00eamement l\u00e9ger pour faciliter votre mobilit\u00e9 et votre confort \u00e0 chaque pas.<\/p>\n<p><strong>Mod\u00e8le plat<\/strong>\u00a0\u2013 Notre semelle int\u00e9rieure est fine et plate, id\u00e9ale pour s&#039;adapter \u00e0 la forme naturelle de votre pied sans n\u00e9cessiter de r\u00e9glages suppl\u00e9mentaires.<\/p>","protected":false},"excerpt":{"rendered":"<p>Notre basket vegan Arenal avec une touche de rose ou d&#039;aigue-marine.<\/p>\n<ul>\n<li>Fabriqu\u00e9 en microfibre.<\/li>\n<li>Doublure en fibre de bambou 100%.<\/li>\n<li>Semelle Tr<\/li>\n<li>Fermeture \u00e0 lacets.<\/li>\n<\/ul>\n<p>Nos baskets sont non seulement fabriqu\u00e9es \u00e0 Elche (Alicante), mais nous faisons \u00e9galement appel exclusivement \u00e0 des fournisseurs locaux pour leur fabrication.<\/p>","protected":false},"featured_media":4505,"template":"","meta":[],"etheme_brands":[],"product_brand":[],"product_cat":[24],"product_tag":[],"class_list":{"0":"post-4483","1":"product","2":"type-product","3":"status-publish","4":"has-post-thumbnail","6":"product_cat-sin-categorizar","7":"pa_talla-73","8":"pa_talla-74","9":"pa_talla-75","10":"pa_talla-77","11":"pa_talla-78","12":"pa_talla-79","13":"pa_talla-80","14":"pa_talla-81","15":"pa_talla-82","16":"pa_talla-83","18":"first","19":"outofstock","20":"taxable","21":"shipping-taxable","22":"purchasable","23":"product-type-variable"},"yoast_head":"<!-- This site is optimized with the Yoast SEO plugin v27.2 - https:\/\/yoast.com\/product\/yoast-seo-wordpress\/ -->\n<title>Arenal vegano - Terreta barefoot<\/title>\n<meta name=\"robots\" content=\"index, follow, max-snippet:-1, max-image-preview:large, max-video-preview:-1\" \/>\n<link rel=\"canonical\" href=\"https:\/\/terretabarefoot.com\/fr\/produit\/vegan-arenal-2\/\" \/>\n<meta property=\"og:locale\" content=\"fr_FR\" \/>\n<meta property=\"og:type\" content=\"article\" \/>\n<meta property=\"og:title\" content=\"Arenal vegano - Terreta barefoot\" \/>\n<meta property=\"og:description\" content=\"Nuestro Sneaker Arenal vegano con un toque de Rosa o Aqua marina.   Fabricado en microfibra.  Forro de fibras de bamb\u00fa 100%.  Suela Tr  cierre con cordones.  Nuestros sneaker\u00b4s no solo se fabrican en Elche (Alicante), adem\u00e1s para fabricarlos solo utilizamos proveedores locales.\" \/>\n<meta property=\"og:url\" content=\"https:\/\/terretabarefoot.com\/fr\/produit\/vegan-arenal-2\/\" \/>\n<meta property=\"og:site_name\" content=\"Terreta barefoot\" \/>\n<meta property=\"article:modified_time\" content=\"2025-11-06T07:42:23+00:00\" \/>\n<meta property=\"og:image\" content=\"https:\/\/terretabarefoot.com\/wp-content\/uploads\/2025\/03\/Arenal-blanco-rosa.jpg\" \/>\n\t<meta property=\"og:image:width\" content=\"1714\" \/>\n\t<meta property=\"og:image:height\" content=\"1153\" \/>\n\t<meta property=\"og:image:type\" content=\"image\/jpeg\" \/>\n<meta name=\"twitter:card\" content=\"summary_large_image\" \/>\n<meta name=\"twitter:label1\" content=\"Tiempo de lectura\" \/>\n\t<meta name=\"twitter:data1\" content=\"1 minuto\" \/>\n<script type=\"application\/ld+json\" class=\"yoast-schema-graph\">{\"@context\":\"https:\/\/schema.org\",\"@graph\":[{\"@type\":\"WebPage\",\"@id\":\"https:\/\/terretabarefoot.com\/producto\/arenal-vegano-2\/\",\"url\":\"https:\/\/terretabarefoot.com\/producto\/arenal-vegano-2\/\",\"name\":\"Arenal vegano - Terreta barefoot\",\"isPartOf\":{\"@id\":\"https:\/\/terretabarefoot.com\/#website\"},\"primaryImageOfPage\":{\"@id\":\"https:\/\/terretabarefoot.com\/producto\/arenal-vegano-2\/#primaryimage\"},\"image\":{\"@id\":\"https:\/\/terretabarefoot.com\/producto\/arenal-vegano-2\/#primaryimage\"},\"thumbnailUrl\":\"https:\/\/terretabarefoot.com\/wp-content\/uploads\/2025\/03\/Arenal-blanco-rosa.jpg\",\"datePublished\":\"2025-03-08T07:58:13+00:00\",\"dateModified\":\"2025-11-06T07:42:23+00:00\",\"breadcrumb\":{\"@id\":\"https:\/\/terretabarefoot.com\/producto\/arenal-vegano-2\/#breadcrumb\"},\"inLanguage\":\"es\",\"potentialAction\":[{\"@type\":\"ReadAction\",\"target\":[\"https:\/\/terretabarefoot.com\/producto\/arenal-vegano-2\/\"]}]},{\"@type\":\"ImageObject\",\"inLanguage\":\"es\",\"@id\":\"https:\/\/terretabarefoot.com\/producto\/arenal-vegano-2\/#primaryimage\",\"url\":\"https:\/\/terretabarefoot.com\/wp-content\/uploads\/2025\/03\/Arenal-blanco-rosa.jpg\",\"contentUrl\":\"https:\/\/terretabarefoot.com\/wp-content\/uploads\/2025\/03\/Arenal-blanco-rosa.jpg\",\"width\":1714,\"height\":1153},{\"@type\":\"BreadcrumbList\",\"@id\":\"https:\/\/terretabarefoot.com\/producto\/arenal-vegano-2\/#breadcrumb\",\"itemListElement\":[{\"@type\":\"ListItem\",\"position\":1,\"name\":\"Portada\",\"item\":\"https:\/\/terretabarefoot.com\/\"},{\"@type\":\"ListItem\",\"position\":2,\"name\":\"Tienda\",\"item\":\"https:\/\/terretabarefoot.com\/tienda\/\"},{\"@type\":\"ListItem\",\"position\":3,\"name\":\"Arenal vegano\"}]},{\"@type\":\"WebSite\",\"@id\":\"https:\/\/terretabarefoot.com\/#website\",\"url\":\"https:\/\/terretabarefoot.com\/\",\"name\":\"Terreta barefoot\",\"description\":\"It\u00b4s barefoot time :-)\",\"publisher\":{\"@id\":\"https:\/\/terretabarefoot.com\/#organization\"},\"potentialAction\":[{\"@type\":\"SearchAction\",\"target\":{\"@type\":\"EntryPoint\",\"urlTemplate\":\"https:\/\/terretabarefoot.com\/?s={search_term_string}\"},\"query-input\":{\"@type\":\"PropertyValueSpecification\",\"valueRequired\":true,\"valueName\":\"search_term_string\"}}],\"inLanguage\":\"es\"},{\"@type\":\"Organization\",\"@id\":\"https:\/\/terretabarefoot.com\/#organization\",\"name\":\"Terreta barefoot\",\"url\":\"https:\/\/terretabarefoot.com\/\",\"logo\":{\"@type\":\"ImageObject\",\"inLanguage\":\"es\",\"@id\":\"https:\/\/terretabarefoot.com\/#\/schema\/logo\/image\/\",\"url\":\"https:\/\/terretabarefoot.com\/wp-content\/uploads\/2023\/11\/895f73df-647a-4039-ad35-2894cebe7370.png\",\"contentUrl\":\"https:\/\/terretabarefoot.com\/wp-content\/uploads\/2023\/11\/895f73df-647a-4039-ad35-2894cebe7370.png\",\"width\":150,\"height\":99,\"caption\":\"Terreta barefoot\"},\"image\":{\"@id\":\"https:\/\/terretabarefoot.com\/#\/schema\/logo\/image\/\"}}]}<\/script>\n<!-- \/ Yoast SEO plugin. -->","yoast_head_json":{"title":"Arenal v\u00e9g\u00e9talien - Terreta aux pieds nus","robots":{"index":"index","follow":"follow","max-snippet":"max-snippet:-1","max-image-preview":"max-image-preview:large","max-video-preview":"max-video-preview:-1"},"canonical":"https:\/\/terretabarefoot.com\/fr\/produit\/vegan-arenal-2\/","og_locale":"fr_FR","og_type":"article","og_title":"Arenal vegano - Terreta barefoot","og_description":"Nuestro Sneaker Arenal vegano con un toque de Rosa o Aqua marina.   Fabricado en microfibra.  Forro de fibras de bamb\u00fa 100%.  Suela Tr  cierre con cordones.  Nuestros sneaker\u00b4s no solo se fabrican en Elche (Alicante), adem\u00e1s para fabricarlos solo utilizamos proveedores locales.","og_url":"https:\/\/terretabarefoot.com\/fr\/produit\/vegan-arenal-2\/","og_site_name":"Terreta barefoot","article_modified_time":"2025-11-06T07:42:23+00:00","og_image":[{"width":1714,"height":1153,"url":"https:\/\/terretabarefoot.com\/wp-content\/uploads\/2025\/03\/Arenal-blanco-rosa.jpg","type":"image\/jpeg"}],"twitter_card":"summary_large_image","twitter_misc":{"Tiempo de lectura":"1 minuto"},"schema":{"@context":"https:\/\/schema.org","@graph":[{"@type":"WebPage","@id":"https:\/\/terretabarefoot.com\/producto\/arenal-vegano-2\/","url":"https:\/\/terretabarefoot.com\/producto\/arenal-vegano-2\/","name":"Arenal v\u00e9g\u00e9talien - Terreta aux pieds nus","isPartOf":{"@id":"https:\/\/terretabarefoot.com\/#website"},"primaryImageOfPage":{"@id":"https:\/\/terretabarefoot.com\/producto\/arenal-vegano-2\/#primaryimage"},"image":{"@id":"https:\/\/terretabarefoot.com\/producto\/arenal-vegano-2\/#primaryimage"},"thumbnailUrl":"https:\/\/terretabarefoot.com\/wp-content\/uploads\/2025\/03\/Arenal-blanco-rosa.jpg","datePublished":"2025-03-08T07:58:13+00:00","dateModified":"2025-11-06T07:42:23+00:00","breadcrumb":{"@id":"https:\/\/terretabarefoot.com\/producto\/arenal-vegano-2\/#breadcrumb"},"inLanguage":"es","potentialAction":[{"@type":"ReadAction","target":["https:\/\/terretabarefoot.com\/producto\/arenal-vegano-2\/"]}]},{"@type":"ImageObject","inLanguage":"es","@id":"https:\/\/terretabarefoot.com\/producto\/arenal-vegano-2\/#primaryimage","url":"https:\/\/terretabarefoot.com\/wp-content\/uploads\/2025\/03\/Arenal-blanco-rosa.jpg","contentUrl":"https:\/\/terretabarefoot.com\/wp-content\/uploads\/2025\/03\/Arenal-blanco-rosa.jpg","width":1714,"height":1153},{"@type":"BreadcrumbList","@id":"https:\/\/terretabarefoot.com\/producto\/arenal-vegano-2\/#breadcrumb","itemListElement":[{"@type":"ListItem","position":1,"name":"Portada","item":"https:\/\/terretabarefoot.com\/"},{"@type":"ListItem","position":2,"name":"Tienda","item":"https:\/\/terretabarefoot.com\/tienda\/"},{"@type":"ListItem","position":3,"name":"Arenal vegano"}]},{"@type":"WebSite","@id":"https:\/\/terretabarefoot.com\/#website","url":"https:\/\/terretabarefoot.com\/","name":"Terreta pieds nus","description":"C&#039;est l&#039;heure de marcher pieds nus :-)","publisher":{"@id":"https:\/\/terretabarefoot.com\/#organization"},"potentialAction":[{"@type":"SearchAction","target":{"@type":"EntryPoint","urlTemplate":"https:\/\/terretabarefoot.com\/?s={search_term_string}"},"query-input":{"@type":"PropertyValueSpecification","valueRequired":true,"valueName":"search_term_string"}}],"inLanguage":"es"},{"@type":"Organization","@id":"https:\/\/terretabarefoot.com\/#organization","name":"Terreta pieds nus","url":"https:\/\/terretabarefoot.com\/","logo":{"@type":"ImageObject","inLanguage":"es","@id":"https:\/\/terretabarefoot.com\/#\/schema\/logo\/image\/","url":"https:\/\/terretabarefoot.com\/wp-content\/uploads\/2023\/11\/895f73df-647a-4039-ad35-2894cebe7370.png","contentUrl":"https:\/\/terretabarefoot.com\/wp-content\/uploads\/2023\/11\/895f73df-647a-4039-ad35-2894cebe7370.png","width":150,"height":99,"caption":"Terreta barefoot"},"image":{"@id":"https:\/\/terretabarefoot.com\/#\/schema\/logo\/image\/"}}]}},"_links":{"self":[{"href":"https:\/\/terretabarefoot.com\/fr\/wp-json\/wp\/v2\/product\/4483","targetHints":{"allow":["GET"]}}],"collection":[{"href":"https:\/\/terretabarefoot.com\/fr\/wp-json\/wp\/v2\/product"}],"about":[{"href":"https:\/\/terretabarefoot.com\/fr\/wp-json\/wp\/v2\/types\/product"}],"wp:featuredmedia":[{"embeddable":true,"href":"https:\/\/terretabarefoot.com\/fr\/wp-json\/wp\/v2\/media\/4505"}],"wp:attachment":[{"href":"https:\/\/terretabarefoot.com\/fr\/wp-json\/wp\/v2\/media?parent=4483"}],"wp:term":[{"taxonomy":"brand","embeddable":true,"href":"https:\/\/terretabarefoot.com\/fr\/wp-json\/wp\/v2\/etheme_brands?post=4483"},{"taxonomy":"product_brand","embeddable":true,"href":"https:\/\/terretabarefoot.com\/fr\/wp-json\/wp\/v2\/product_brand?post=4483"},{"taxonomy":"product_cat","embeddable":true,"href":"https:\/\/terretabarefoot.com\/fr\/wp-json\/wp\/v2\/product_cat?post=4483"},{"taxonomy":"product_tag","embeddable":true,"href":"https:\/\/terretabarefoot.com\/fr\/wp-json\/wp\/v2\/product_tag?post=4483"}],"curies":[{"name":"wp","href":"https:\/\/api.w.org\/{rel}","templated":true}]}}

Végan Arenal

<p><strong>En forme de pied</strong> – Un espace pour les orteils anatomique respectant la forme de votre pied</p>
<p><strong>Drop Zero</strong> – Conçues pour maintenir vos pieds dans une position naturelle, sans inclinaison, favorisant ainsi des mouvements plus sains.</p>
<p><strong>Léger</strong> – Extrêmement léger pour faciliter votre mobilité et votre confort à chaque pas.</p>
<p><strong>Modèle plat</strong> – Notre semelle intérieure est fine et plate, idéale pour s&#039;adapter à la forme naturelle de votre pied sans nécessiter de réglages supplémentaires.</p>

<p>Notre basket vegan Arenal avec une touche de rose ou d&#039;aigue-marine.</p>
<ul>
<li>Fabriqué en microfibre.</li>
<li>Doublure en fibre de bambou 100%.</li>
<li>Semelle Tr</li>
<li>Fermeture à lacets.</li>
</ul>
<p>Nos baskets sont non seulement fabriquées à Elche (Alicante), mais nous faisons également appel exclusivement à des fournisseurs locaux pour leur fabrication.</p>

<!-- This site is optimized with the Yoast SEO plugin v27.2 - https://yoast.com/product/yoast-seo-wordpress/ -->
<title>Arenal vegano - Terreta barefoot</title>
<meta name="robots" content="index, follow, max-snippet:-1, max-image-preview:large, max-video-preview:-1" />
<link rel="canonical" href="https://terretabarefoot.com/fr/produit/vegan-arenal-2/" />
<meta property="og:locale" content="fr_FR" />
<meta property="og:type" content="article" />
<meta property="og:title" content="Arenal vegano - Terreta barefoot" />
<meta property="og:description" content="Nuestro Sneaker Arenal vegano con un toque de Rosa o Aqua marina.   Fabricado en microfibra.  Forro de fibras de bambú 100%.  Suela Tr  cierre con cordones.  Nuestros sneaker´s no solo se fabrican en Elche (Alicante), además para fabricarlos solo utilizamos proveedores locales." />
<meta property="og:url" content="https://terretabarefoot.com/fr/produit/vegan-arenal-2/" />
<meta property="og:site_name" content="Terreta barefoot" />
<meta property="article:modified_time" content="2025-11-06T07:42:23+00:00" />
<meta property="og:image" content="https://terretabarefoot.com/wp-content/uploads/2025/03/Arenal-blanco-rosa.jpg" />
	<meta property="og:image:width" content="1714" />
	<meta property="og:image:height" content="1153" />
	<meta property="og:image:type" content="image/jpeg" />
<meta name="twitter:card" content="summary_large_image" />
<meta name="twitter:label1" content="Tiempo de lectura" />
	<meta name="twitter:data1" content="1 minuto" />
<script type="application/ld+json" class="yoast-schema-graph">{"@context":"https://schema.org","@graph":[{"@type":"WebPage","@id":"https://terretabarefoot.com/producto/arenal-vegano-2/","url":"https://terretabarefoot.com/producto/arenal-vegano-2/","name":"Arenal vegano - Terreta barefoot","isPartOf":{"@id":"https://terretabarefoot.com/#website"},"primaryImageOfPage":{"@id":"https://terretabarefoot.com/producto/arenal-vegano-2/#primaryimage"},"image":{"@id":"https://terretabarefoot.com/producto/arenal-vegano-2/#primaryimage"},"thumbnailUrl":"https://terretabarefoot.com/wp-content/uploads/2025/03/Arenal-blanco-rosa.jpg","datePublished":"2025-03-08T07:58:13+00:00","dateModified":"2025-11-06T07:42:23+00:00","breadcrumb":{"@id":"https://terretabarefoot.com/producto/arenal-vegano-2/#breadcrumb"},"inLanguage":"es","potentialAction":[{"@type":"ReadAction","target":["https://terretabarefoot.com/producto/arenal-vegano-2/"]}]},{"@type":"ImageObject","inLanguage":"es","@id":"https://terretabarefoot.com/producto/arenal-vegano-2/#primaryimage","url":"https://terretabarefoot.com/wp-content/uploads/2025/03/Arenal-blanco-rosa.jpg","contentUrl":"https://terretabarefoot.com/wp-content/uploads/2025/03/Arenal-blanco-rosa.jpg","width":1714,"height":1153},{"@type":"BreadcrumbList","@id":"https://terretabarefoot.com/producto/arenal-vegano-2/#breadcrumb","itemListElement":[{"@type":"ListItem","position":1,"name":"Portada","item":"https://terretabarefoot.com/"},{"@type":"ListItem","position":2,"name":"Tienda","item":"https://terretabarefoot.com/tienda/"},{"@type":"ListItem","position":3,"name":"Arenal vegano"}]},{"@type":"WebSite","@id":"https://terretabarefoot.com/#website","url":"https://terretabarefoot.com/","name":"Terreta barefoot","description":"It´s barefoot time :-)","publisher":{"@id":"https://terretabarefoot.com/#organization"},"potentialAction":[{"@type":"SearchAction","target":{"@type":"EntryPoint","urlTemplate":"https://terretabarefoot.com/?s={search_term_string}"},"query-input":{"@type":"PropertyValueSpecification","valueRequired":true,"valueName":"search_term_string"}}],"inLanguage":"es"},{"@type":"Organization","@id":"https://terretabarefoot.com/#organization","name":"Terreta barefoot","url":"https://terretabarefoot.com/","logo":{"@type":"ImageObject","inLanguage":"es","@id":"https://terretabarefoot.com/#/schema/logo/image/","url":"https://terretabarefoot.com/wp-content/uploads/2023/11/895f73df-647a-4039-ad35-2894cebe7370.png","contentUrl":"https://terretabarefoot.com/wp-content/uploads/2023/11/895f73df-647a-4039-ad35-2894cebe7370.png","width":150,"height":99,"caption":"Terreta barefoot"},"image":{"@id":"https://terretabarefoot.com/#/schema/logo/image/"}}]}</script>
<!-- / Yoast SEO plugin. -->

Arenal végétalien - Terreta aux pieds nus

Nuestro Sneaker Arenal vegano con un toque de Rosa o Aqua marina.   Fabricado en microfibra.  Forro de fibras de bambú 100%.  Suela Tr  cierre con cordones.  Nuestros sneaker´s no solo se fabrican en Elche (Alicante), además para fabricarlos solo utilizamos proveedores locales.
